by 136?
133
Suppose 7 = 2*w - 9. Let y be (-39)/9 + (-3)/(-9). Let q(s) = -19*s - 7. What is the remainder when q(y) is divided by w?
5
Suppose j - 5*f + 29 = 59, 4*j = f + 139. Suppose 0 = -j*x + 34*x + 52. What is the remainder when 112 is divided by x?
8
Let r(w) = -w**3 + 5*w**2 + 7*w - 21. Suppose -8*o + 36 = o. What is the remainder when 181 is divided by r(o)?
20
Suppose 2*y + 119 = b - 158, 2*b - 558 = 5*y. What is the remainder when b is divided by 107?
55
Suppose 41607 = 333*i - 319032. What is the remainder when i is divided by 21?
12
Suppose 0 = -3*h - 143 - 370. Calculate the remainder when 94 is divided by 194/6 + 57/h.
30
Let n(m) = 3*m - 67 - 4*m + 49. Calculate the remainder when 14 is divided by n(-22).
2
Suppose 3*y + 5*v - 351 = 0, 5*y = -v - 3*v + 598. Suppose -y = -15*z + 358. What is the remainder when 158 is divided by z?
30
Calculate the remainder when (4*(-1)/(-1))/((-126)/(-33453)) is divided by 55.
17
Suppose -47*v = -45*v. Suppose v = -5*a + 5, 2*w = w - 5*a + 337. Calculate the remainder when w is divided by 16.
12
Let m = -3494 + 3881. Calculate the remainder when m is divided by 65.
62
Let h = -12464 + 13203. What is the remainder when h is divided by 43?
8
Suppose -y - 6*k + k = -20, -2*k + 16 = 2*y. Suppose -y*g = -g - 116. Let n = 225 + -215. Calculate the remainder when g is divided by n.
9
Let r(q) = 2*q**3 + q**2 - 7*q + 8. Let o be 2/5 + 72/20. Suppose -5*n - 6 = -3*d + 13, o*n + 20 = 3*d. Calculate the remainder when r(2) is divided by d.
6
Suppose 2*l + 33 = 3*u, 2*l - 21 = 4*u - 7*u. Suppose 0 = u*h - 298 - 386. Calculate the remainder when h is divided by 6.
4
Let i = 5110 + -4133. What is the remainder when i is divided by 20?
17
Let j(u) = -u + 20. Let v = 17 + -25. Calculate the remainder when j(v) is divided by 17.
11
Let u(n) = n**2 - 18*n + 34. Let l be u(16). Suppose -276 = -l*d - 28. Let m = -52 + 73. What is the remainder when d is divided by m?
19
Let k(i) = 3633*i - 58100. What is the remainder when (1 - -1)/((-2)/(-73)) is divided by k(16)?
17
Let v = 2845 + -2829. Calculate the remainder when 172 is divided by v.
12
Let l = 280358 + -280357. Calculate the remainder when (-6)/27 - (-92)/9 is divided by l.
0
Let a(h) = 22 + h - 2*h - 8 + 11. Calculate the remainder when a(-38) is divided by 17.
12
What is the remainder when (-1626)/(-14) + (-67)/469 is divided by 17?
14
Suppose 4*y - y = -5*j + 5702, 0 = 2*j + 4. Calculate the remainder when y is divided by 9.
5
Let y(o) = 9*o**3 - o**2 + o. Let i(a) = -a**3 + 8*a**2 - 36*a + 417. Calculate the remainder when i(9) is divided by y(1).
3
Let p(y) be the third derivative of y**5/30 + y**4/8 - 7*y**3/3 + 59*y**2. Calculate the remainder when p(-8) is divided by 37.
16
Let i(b) = 249*b + 2021. What is the remainder when i(-7) is divided by 101?
76
Let g = -13 + 13. Suppose 0 = -5*i + i - 8, g = -2*s - 5*i - 226. Calculate the remainder when 78 is divided by (-6)/(s/138) + (-2)/(-6).
6
Suppose -b - 3*q + 8 = 0, -q - 32 = -5*b + 40. Suppose 3 + b = n. What is the remainder when n is divided by 24/(-1500)*50/10 - 127/(-25)?
2
Suppose 0 = 353*o - 356*o + 2*j + 679, 3*j - 928 = -4*o. Suppose 2*s - 46 = s. What is the remainder when o is divided by s?
45
Suppose 502*a = 506*a - 2496. Let i = a + -617. Calculate the remainder when 132 is divided by i.
6
Suppose 2*u + 2*o - 14 = 0, -23 = -3*u + 2*o - 3*o. Let k be (-759)/132 + 6/u. What is the remainder when 0 + 25 + (-3)/k*5 is divided by 15?
13
Suppose 3*v = v - 8. Let o(m) = -m**2 + 10*m - 8. Let l(j) = 5*j - 4. Let z(f) = 5*l(f) - 2*o(f). Calculate the remainder when 29 is divided by z(v).
5
Suppose 0 = -18*f + 7*f - 209. Suppose -4*w + 220 = -7*j + 5*j, j = -4. What is the remainder when w is divided by f/(-5)*(4 + 1)?
15
Let q = -630 - -280. Let g = 490 + q. What is the remainder when g is divided by 49?
42
Suppose -n + 29*n = -588. Let r(l) = l**3 + 22*l**2 + 23*l + 55. What is the remainder when r(n) is divided by 7?
6
Suppose 0 = 21*g - 1894 - 367 - 28. Calculate the remainder when 525 is divided by g.
89
Let j be 27 + -20 - (-6 - 1). Let g(h) = h**3 - 14*h**2 + 7*h. Calculate the remainder when g(j) is divided by 35.
28
What is the remainder when 1431000/2915 - ((-42)/(-22) - 2) is divided by 45?
41
Suppose a + 20 = 6*a. Let n(f) = f**2 + 5*f + 4. Let s be n(-5). Calculate the remainder when 0 + s - 11/(-11) is divided by a.
1
Calculate the remainder when 222/(-1221) - (-2103)/11 is divided by 78.
35
Let j(y) = -y - 10. Let f be j(-40). Suppose 47*b - 204 = f*b. What is the remainder when b is divided by 11?
1
Let w be (56/(-21))/((-2)/(1*6)). Suppose -51 = w*x - 267. Calculate the remainder when x is divided by (0 + -4)/16 - 171/(-12).
13
Suppose 3*t + 3 = 60. Suppose -t*w + 4 = -20*w. Let v(b) = b**2 - b - 7. What is the remainder when 36 is divided by v(w)?
10
Suppose -2254 = 4*s + 2*g, s + 574 = -87*g + 90*g. Let x = s + 611. What is the remainder when 779 is divided by x?
43
Let c be (-66)/(-6) - 2 - 6. Suppose p - 11 = -y, 2 = p - c. Calculate the remainder when y is divided by 1.
0
Let b = -293 + 303. Suppose -5*g = -4*z - 32, 2*z - 5 = 3*g - 25. Let y(o) = -o**3 + 9*o**2 - 7*o - 2. Calculate the remainder when b is divided by y(g).
4
Suppose 2*p - 45 - 49 = -5*t, 2*p + 26 = t. What is the remainder when (4 - -5)*(-1 + t) is divided by 16?
11
Let j(z) = 2*z**3 + 3*z**2 - 53*z + 111. Suppose 2 + 1 = 3*p, 3*a + 2*p - 392 = 0. What is the remainder when a is divided by j(3)?
31
What is the remainder when 1347 is divided by (-130)/(-30) + (13/6 - 95/38)?
3
What is the remainder when (520/(-70))/((-6 - -4)*(-3)/(-21)) is divided by 9?
8
Let h(f) = 31*f**3 + f**2 + 7*f - 7. Let b = -39 + 85. Calculate the remainder when b is divided by h(1).
14
Let r be (-26)/(-8)*(-8)/(-2). Let h = -7 + r. Let t = -234874 + 234900. Calculate the remainder when t is divided by h.
2
Let a be 1 - (-2 + (2 - -4)). Let p = a + 5. Suppose -4*w = -3*y - 2*w + 125, p*y - 81 = -w. What is the remainder when y is divided by 11?
8
Let s(y) = -y**3 + 15*y**2 - 25*y - 13. Let m be s(12). Let l = -106 + m. Suppose -l*t + 1256 + 83 = 0. Calculate the remainder when t is divided by 27.
22
Suppose -16 = -l + 9. Let v(j) = 7*j - 6*j - 12 + 32*j + 52*j. What is the remainder when v(1) is divided by l?
23
Suppose -2*f - 217 = 3*j, 3*j = 4*f - 227 + 616. Let g = f - -123. What is the remainder when 197 is divided by g?
21
Let w(a) = 9*a**2 - 476*a + 533. Calculate the remainder when 934 is divided by w(52).
115
Suppose 21*t - 387 = 12*t. What is the remainder when 3 + (-6)/(-2)*t is divided by 35?
27
Let q = 4 - -6. Let v be 216/10 - 6/q. What is the remainder when (-3)/((12/v)/(-4)) is divided by 11?
10
Let x(l) = 4*l + 5. Let s be ((-120)/12)/(2/(-13)). Let w = s + -57. Calculate the remainder when x(6) is divided by w.
5
Suppose -3*o + 9 + 0 = 3*r, 3*r = 4*o + 16. What is the remainder when 16 is divided by (-10)/r*(-96)/80?
1
Suppose -43*k = -39*k - 4*d - 2312, -2306 = -4*k + 5*d. Calculate the remainder when k is divided by 75.
59
Suppose 5*r + 118 - 8 = z, 4*z - 368 = -4*r. Calculate the remainder when 4082 is divided by z.
92
Suppose -43 = -5*a - 13. Let s be (1/5)/(a/690). Suppose -g - 2*u = -0*u - s, g = -u + 25. What is the remainder when g is divided by 14?
13
Let v = 8 + -18. Let d(z) = z**3 + 10*z**2 - 2*z - 13. Let x be d(-10). Calculate the remainder when 21 is divided by (4/v)/(x/(-210)).
9
Let z = -2139 - -2143. Suppose -23 = -3*m - 2. What is the remainder when m is divided by z?
3
Let c = 2463 - 2422. Calculate the remainder when 11561 is divided by c.
40
Suppose -5*r + 5*z - 750 = 0, 0*r = 2*r + z + 300. What is the remainder when (r/(-125))/(6/260) is divided by 11?
8
What is the remainder when 699 is divided by ((-10248)/(-56))/((-4)/(-4))?
150
Suppose 0 = -3*h - 13*h + 80. Suppose -3*k + 2*s = -2*s - 75, -h*k = -s - 125. What is the remainder when 67 is divided by k?
17
Let i = -26503 + 26586. What is the remainder when 11202 is divided by i?
80
Let n(f) = -2*f**2 + 141*f - 421. What is the remainder when n(65) is divided by 59?
58
Let q(g) = g**3 - 6*g**2 - 32*g - 11. What is the remainder when q(10) is divided by 20?
9
Let j(u) = 5*u**2 + 43. Calculate the remainder when 439 is divided by j(3).
87
L